 the remainder when 417 is divided by 53.
46
Calculate the remainder when 3247 is divided by 116.
115
What is the remainder when 452 is divided by 14?
4
What is the remainder when 6231 is divided by 41?
40
What is the remainder when 6687 is divided by 4?
3
Calculate the remainder when 226 is divided by 36.
10
Calculate the remainder when 164 is divided by 42.
38
Calculate the remainder when 1976 is divided by 3.
2
What is the remainder when 571 is divided by 52?
51
What is the remainder when 4069 is divided by 290?
9
Calculate the remainder when 111 is divided by 72.
39
What is the remainder when 3008 is divided by 177?
176
What is the remainder when 1423 is divided by 22?
15
Calculate the remainder when 173 is divided by 24.
5
Calculate the remainder when 1578 is divided by 72.
66
What is the remainder when 806 is divided by 263?
17
What is the remainder when 86 is divided by 14?
2
What is the remainder when 140 is divided by 37?
29
What is the remainder when 52 is divided by 33?
19
What is the remainder when 95 is divided by 43?
9
Calculate the remainder when 278 is divided by 10.
8
Calculate the remainder when 424 is divided by 37.
17
Calculate the remainder when 55 is divided by 31.
24
What is the remainder when 166 is divided by 24?
22
Calculate the remainder when 410 is divided by 83.
78
Calculate the remainder when 953 is divided by 87.
83
Calculate the remainder when 3778 is divided by 36.
34
What is the remainder when 3549 is divided by 17?
13
What is the remainder when 1105 is divided by 41?
39
What is the remainder when 155 is divided by 40?
35
Calculate the remainder when 42 is divided by 23.
19
Calculate the remainder when 1727 is divided by 9.
8
What is the remainder when 1802 is divided by 302?
292
Calculate the remainder when 153 is divided by 43.
24
Calculate the remainder when 55 is divided by 30.
25
What is the remainder when 11150 is divided by 36?
26
What is the remainder when 2294 is divided by 41?
39
Calculate the remainder when 9382 is divided by 34.
32
Calculate the remainder when 789 is divided by 247.
48
Calculate the remainder when 2783 is divided by 8.
7
What is the remainder when 454 is divided by 46?
40
Calculate the remainder when 1034 is divided by 17.
14
What is the remainder when 18 is divided by 8?
2
Calculate the remainder when 135 is divided by 40.
15
What is the remainder when 888 is divided by 89?
87
What is the remainder when 254 is divided by 80?
14
Calculate the remainder when 183 is divided by 47.
42
Calculate the remainder when 480 is divided by 354.
126
Calculate the remainder when 1119 is divided by 35.
34
What is the remainder when 845 is divided by 77?
75
What is the remainder when 530 is divided by 128?
18
What is the remainder when 448 is divided by 42?
28
What is the remainder when 271 is divided by 133?
5
Calculate the remainder when 1175 is divided by 392.
391
Calculate the remainder when 654 is divided by 12.
6
Calculate the remainder when 286 is divided by 92.
10
Calculate the remainder when 1136 is divided by 161.
9
What is the remainder when 2657 is divided by 884?
5
What is the remainder when 483 is divided by 69?
0
Calculate the remainder when 4263 is divided by 2120.
23
Calculate the remainder when 1335 is divided by 103.
99
What is the remainder when 1017 is divided by 15?
12
Calculate the remainder when 207 is divided by 14.
11
Calculate the remainder when 1092 is divided by 122.
116
What is the remainder when 356 is divided by 21?
20
What is the remainder when 4073 is divided by 23?
2
What is the remainder when 8987 is divided by 58?
55
Calculate the remainder when 703 is divided by 5.
3
What is the remainder when 315 is divided by 56?
35
What is the remainder when 233 is divided by 112?
9
Calculate the remainder when 697 is divided by 32.
25
What is the remainder when 145 is divided by 52?
41
Calculate the remainder when 399 is divided by 391.
8
Calculate the remainder when 518 is divided by 169.
11
Calculate the remainder when 1316 is divided by 55.
51
What is the remainder when 1370 is divided by 14?
12
What is the remainder when 80 is divided by 21?
17
What is the remainder when 358 is divided by 45?
43
What is the remainder when 160 is divided by 23?
22
What is the remainder when 787 is divided by 372?
43
What is the remainder when 602 is divided by 10?
2
Calculate the remainder when 526 is divided by 19.
13
What is the remainder when 429 is divided by 88?
77
What is the remainder when 68 is divided by 6?
2
What is the remainder when 7899 is divided by 100?
99
Calculate the remainder when 369 is divided by 37.
36
What is the remainder when 245 is divided by 41?
40
What is the remainder when 128 is divided by 17?
9
Calculate the remainder when 2036 is divided by 51.
47
Calculate the remainder when 4065 is divided by 113.
110
Calculate the remainder when 249 is divided by 124.
1
Calculate the remainder when 923 is divided by 10.
3
What is the remainder when 64 is divided by 40?
24
Calculate the remainder when 145 is divided by 68.
9
What is the remainder when 377 is divided by 9?
8
What is the remainder when 699 is divided by 214?
57
Calculate the remainder when 5819 is divided by 82.
79
Calculate the remainder when 252 is divided by 213.
39
What is the remainder when 4955 is divided by 12?
11
What is the remainder when 115 is divided by 60?
55
What is the remainder when 348 is divided by 35?
33
What is the remainder when 1915 is divided by 107?
96
What is the remainder when 98 is divided by 15?
8
Calculate the remainder when 323 is divided by 18.
17
What is the remainder when 58 is divided by 47?
11
What is the remainder when 3987 is divided by 40?
27
Calculate the remainder when 263 is divided by 11.
10
Calculate the remainder when 318 is divided by 20.
18
Calculate the remainder when 260 is divided by 54.
44
Calculate the remainder when 336 is divided by 40.
16
What is the remainder when 222 is divided by 129?
93
Calculate the remainder when 159 is divided by 15.
9
Calculate the remainder when 7441 is divided by 28.
21
What is the remainder when 664 is divided by 35?
34
Calculate the remainder when 691 is divided by 2.
1
Calculate the remainder when 60 is divided by 8.
4
What is the remainder when 92 is divided by 25?
17
Calculate the remainder when 5478 is divided by 20.
18
Calculate the remainder when 608 is divided by 8.
0
What is the remainder when 776 is divided by 37?
36
Calculate the remainder when 4851 is divided by 118.
13
What is the remainder when 341 is divided by 49?
47
What is the remainder when 256 is divided by 81?
13
What is the remainder when 42 is divided by 38?
4
Calculate the remainder when 4755 is divided by 71.
69
What is the remainder when 232 is divided by 131?
101
What is the remainder when 201 is divided by 74?
53
What is the remainder when 219 is divided by 44?
43
What is the remainder when 6893 is divided by 58?
49
What is the remainder when 163 is divided by 80?
3
Calculate the remainder when 1780 is divided by 587.
19
Calculate the remainder when 221 is divided by 74.
73
Calculate the remainder when 3086 is divided by 63.
62
What is the remainder when 236 is divided by 30?
26
What is the remainder when 233 is divided by 77?
2
What is the remainder when 688 is divided by 45?
13
Calculate the remainder when 3120 is divided by 37.
12
What is the remainder when 1332 is divided by 89?
86
What is the remainder when 5292 is divided by 293?
18
Calculate the remainder when 951 is divided by 437.
77
What is the remainder when 40327 is divided by 9?
7
Calculate the remainder when 176 is divided by 95.
81
What is the remainder when 669 is divided by 42?
39
Calculate the remainder when 603 is divided by 18.
9
Calculate the remainder when 2023 is divided by 11.
10
What is the remainder when 8643 is divided by 131?
128
Calculate the remainder when 170 is divided by 29.
25
What is the remainder when 45 is divided by 24?
21
What is the remainder when 803 is divided by 26?
23
Calculate the remainder when 127 is divided by 27.
19
Calculate the remainder when 936 is divided by 305.
21
Calculate the remainder when 91 is divided by 53.
38
Calculate the remainder when 156 is divided by 16.
12
Calculate the remainder when 629 is divided by 143.
57
What is the rem